f s and v?
8
Suppose 0 = -9*i + 7*i - 30. Let o = i + 21. Calculate the highest common factor of 66 and o.
6
Suppose -2*b = -21*b + 1140. Calculate the greatest common factor of b and 108.
12
Let z be ((-15)/(-35))/((-3)/(-987)). Calculate the highest common divisor of 235 and z.
47
Let c be 24/180 + 2096/30. Suppose 6*l = 92 + c. Calculate the greatest common factor of 189 and l.
27
Let s(y) be the third derivative of y**6/120 - 3*y**5/20 - y**4/3 - 2*y**3 + 2*y**2. Let v be s(10). What is the highest common divisor of 1 and v?
1
Suppose 5*s - 18 + 3 = 0. Suppose -112 = -4*t - 4*z - 0*z, -60 = -3*t + s*z. Calculate the greatest common factor of 6 and t.
6
Let m = 53 + -49. Suppose m*u - 3*u = -4*o + 164, -2*o = -4*u - 100. Calculate the greatest common divisor of o and 126.
42
Let q(x) = -x**3 + 52*x**2 + 58*x - 5. Let o be q(53). What is the highest common factor of o and 52?
52
Let k(r) = -4 - 2*r + 2*r + 8*r. Let m be k(4). Calculate the greatest common divisor of 84 and m.
28
Let x = -4 - 8. Suppose 4*t - 4*w + 100 = 0, -t - 31 = w + 4*w. Let c = x - t. Calculate the highest common factor of c and 2.
2
Suppose -44 = -11*q + 7*q. Suppose -u - 2 + q = 0. Let w be (-5)/((-5)/18) + 0. Calculate the highest common divisor of w and u.
9
Let i = 29 + -52. Let h = i + 35. What is the greatest common factor of 36 and h?
12
Let y(i) be the second derivative of i**4/12 - i**3/3 + 35*i**2 - 35*i. Let r be y(0). What is the highest common factor of r and 28?
14
Suppose -3*r = -3*u + 255, 9*u + 2*r = 13*u - 330. Calculate the greatest common divisor of 40 and u.
40
Suppose 2*o - 5*h - 42 = 0, -o - 3*h - 1 = -0*h. Let x = 58 - 86. Let q be (-466)/(-14) + 8/x. Calculate the greatest common factor of q and o.
11
Let i be ((-1)/(-2))/(1/(-2)). Let q = 22 - i. Calculate the greatest common divisor of q and 23.
23
Let t(h) = -h**3 - 13*h**2 - 2*h - 19. Let a be t(-13). Suppose a = x - 4. Let l be ((-11)/3)/(2/(-42)). Calculate the greatest common divisor of l and x.
11
Let x = 403 - 400. Calculate the greatest common factor of 237 and x.
3
Let q(a) = -11*a**3 + 3*a**2 + a. Let g be q(-2). Suppose 43*k + 99 - 589 = 8*k. Calculate the greatest common divisor of k and g.
14
Let c(n) = n**3 + 3*n**2 - 5*n. Let v be c(-4). Let u be 0 + (v - 1) - 0. Suppose 7*y - u*y = 36. What is the greatest common factor of 81 and y?
9
Suppose 3*d - 168 = -4*d. Calculate the highest common divisor of d and 168.
24
Suppose -30*x + 28*x = -150. Calculate the greatest common factor of 120 and x.
15
Suppose 0 = 2*p + 7*p - 630. Calculate the greatest common factor of 50 and p.
10
Let w(i) = 37*i**2 - 50*i - 30. Let v be w(8). Calculate the highest common divisor of v and 204.
102
Let t(k) = -26*k - 30. Let f be t(-2). Suppose -3*a = a - 968. What is the highest common divisor of f and a?
22
Let i = 472 - 466. What is the highest common factor of 64 and i?
2
Let f be 5*(142/10 + 2 + 0). Suppose 0 = 4*k - 3*q - f, -5*q - 37 = -0*k - 2*k. Calculate the highest common factor of 168 and k.
21
Let j = 7 + 19. Calculate the highest common factor of 390 and j.
26
Let z be 7*3/56 + (-951)/(-24). What is the highest common factor of 500 and z?
20
Suppose -6 - 2 = -2*f. Let v(q) = -q + 10. Let x be v(f). Suppose -3*a = -x*a + 36. What is the greatest common factor of a and 84?
12
Let i = 54 + -49. Suppose 51 = 5*l + 4*q - 30, i*l = q + 86. What is the highest common divisor of 68 and l?
17
Let h = -97 - -150. What is the highest common factor of 2014 and h?
53
Suppose 0 = -u + 5*u - 340. Suppose -2*s + 15 + u = 0. Calculate the greatest common divisor of 10 and s.
10
Let j(h) be the first derivative of h**3/3 - 4*h - 4. Let v be j(-3). Suppose s + s = g + 57, 96 = 3*s - v*g. What is the greatest common divisor of 3 and s?
3
Suppose 4*j + 5*n - 38 = 0, 5*j - 9*n = -6*n + 29. Let w = 6 - 4. Suppose w*k - 8 = 0, -k + 3*k + 48 = 2*d. What is the greatest common factor of j and d?
7
Let k(v) = 42*v**2 - 536*v + 14. Let x be k(13). Let m be 4/(40/18 + -2). Calculate the highest common divisor of x and m.
18
Suppose 7 = -3*g + 4*g + q, 2*g + q - 9 = 0. Suppose -g*s - 7 = 4*i - 3, -5*s - i = -35. Calculate the highest common factor of 16 and s.
8
Suppose 5*f + 4*z - z - 1311 = 0, 0 = -4*f + 4*z + 1036. Let l be ((-2212)/(-38))/2 + (-54)/513. What is the greatest common divisor of l and f?
29
Suppose 3*y + 0*y - 6 = 0. Suppose -p + y + 2 = 0. Suppose 0 = -5*k + 34 + 16. Calculate the greatest common factor of p and k.
2
Suppose -y + 15 = 2*t, 10 + 62 = 3*y - 3*t. Calculate the highest common factor of y and 112.
7
Let t be -51*(-4 - (60/(-9) - -4)). Calculate the greatest common divisor of 34 and t.
34
Let z = 28 - 24. Suppose o - 4*v = z*o + 84, v = 0. Let h be 0 - 7/(o/200). Calculate the greatest common factor of h and 10.
10
Let b be (-3 + 0)/(-3) - -2. Suppose b*j - 861 + 93 = 0. Let n be j/44 - 6/(-33). What is the greatest common factor of 30 and n?
6
Suppose 5*i - 74 = -94. Let v be ((-6)/i)/(6/56). What is the greatest common factor of v and 98?
14
Let i = -5 + 7. Suppose 0 = 2*g + 3*g - 30. Let b be 3/(g/68) + i. Calculate the highest common factor of b and 12.
12
Suppose -75*s = -79*s - 12, -4*k = -4*s - 52. What is the greatest common divisor of k and 190?
10
Let j = 108 - 64. Let i = -30 + 74. Calculate the highest common divisor of j and i.
44
Let f = 180 - 126. Calculate the highest common divisor of f and 27.
27
Let x = -5 + 31. Calculate the highest common divisor of x and 338.
26
Let t(f) be the second derivative of f**5/20 + 5*f**4/12 - f**3/3 - 3*f**2/2 + 8*f. Let q be t(-5). Calculate the greatest common factor of q and 1.
1
Let h(g) = -2*g + 36. Let r be h(15). Suppose d - r = -2*d. What is the greatest common divisor of d and 10?
2
Suppose 0 = 13*h - 290 - 230. Suppose 4*n + 8 = 4*j, -3*j = -5*n + 2 - 4. Let b be (1 + j)*(-8)/(-5). Calculate the greatest common divisor of h and b.
8
Let w = 2546 - 2435. What is the highest common divisor of 296 and w?
37
Let n(p) be the third derivative of -p**4/24 + 10*p**3/3 + 41*p**2. Let s be n(-20). Let g = -10 - -18. Calculate the greatest common factor of s and g.
8
Let x(a) = 3*a - 4. Let c be x(-9). Let k = c + 53. Calculate the greatest common factor of k and 154.
22
Suppose -3 = 3*s - a - 2*a, 4*s = -4*a + 20. Suppose 0 = 4*q, -5*d = -2*d - s*q - 21. Calculate the highest common divisor of 56 and d.
7
Suppose 3*b - 5*m - 38 = 0, -3*b - 5*m = -b - 17. What is the highest common factor of 33 and b?
11
Let c be 1705/20 + (-10)/40. What is the highest common factor of 17 and c?
17
Suppose -5*w + 105 = -135. Suppose 8 = k + 4*b, -k + 6*b + 17 = b. Calculate the greatest common divisor of k and w.
12
Suppose -11*a + 10*a = m - 26, 4*a + 3*m - 101 = 0. What is the greatest common factor of a and 1127?
23
Let w = 1055 - 1025. What is the greatest common factor of 1695 and w?
15
Suppose -5*b - 10 = 0, 2*c + b - 2 = -b. Let d(z) = 5*z - 2. Let s be d(-3). Let g = 26 + s. What is the greatest common divisor of g and c?
3
Let h = 14 + -9. Suppose 2*a + h*g - 14 = 0, 5*a - g - 84 = -22. What is the highest common divisor of 60 and a?
12
Suppose 0 = -5*c + t + 358, 5*c - 7*c = -2*t - 140. Suppose 48 + c = 5*d. What is the highest common factor of 48 and d?
24
Let j be (4/10)/((-40)/(-32400)). Calculate the highest common divisor of 12 and j.
12
Let d = 1141 - 371. What is the highest common divisor of d and 70?
70
Let u = -722 - -947. Calculate the highest common factor of u and 125.
25
Let n(r) = -96*r - 18. Let y be n(-1). What is the greatest common factor of y and 130?
26
Let s be (-68)/(-3) - 6/9. Suppose -5*h + 6 + 4 = 2*o, 3*h = 2*o + s. Let a be 24/h*3/2. What is the greatest common factor of a and 1?
1
Suppose 55*j = 64*j - 153. Suppose -o = o - 5*x - 180, 4*o - 346 = 3*x. What is the greatest common factor of o and j?
17
Let a = 47 + -40. Let o(l) = -2*l**2 - 7*l - 2. Let v be o(-3). What is the greatest common factor of a and v?
1
Let i be (32/(-48))/(8/(-8772)). What is the highest common divisor of i and 43?
43
Let b be (-6 + 0)/(-2)*(-384)/(-18). Calculate the highest common divisor of 160 and b.
32
Let l(i) = -i**2 - 54*i - 546. Let j be l(-16). What is the highest common divisor of j and 155?
31
Suppose 3*j = 51 + 21. Suppose -